[INFO] cloning repository https://github.com/noripee/iron_sample
[INFO] running `Command { std: "git" "-c" "credential.helper=" "-c" "credential.helper=/workspace/cargo-home/bin/git-credential-null" "clone" "--bare" "https://github.com/noripee/iron_sample" "/workspace/cache/git-repos/https%3A%2F%2Fgithub.com%2Fnoripee%2Firon_sample", kill_on_drop: false }`
[INFO] [stderr] Cloning into bare repository '/workspace/cache/git-repos/https%3A%2F%2Fgithub.com%2Fnoripee%2Firon_sample'...
[INFO] running `Command { std: "git" "rev-parse" "HEAD", kill_on_drop: false }`
[INFO] [stdout] 92b887b63570ce48631432569336da03b2bcfb10
[INFO] checking noripee/iron_sample against master#af3c6e733a40e671550e0f0f5aeecaa13772ba56 for pr-74989
[INFO] running `Command { std: "git" "clone" "/workspace/cache/git-repos/https%3A%2F%2Fgithub.com%2Fnoripee%2Firon_sample" "/workspace/builds/worker-3/source", kill_on_drop: false }`
[INFO] [stderr] Cloning into '/workspace/builds/worker-3/source'...
[INFO] [stderr] done.
[INFO] validating manifest of git repo https://github.com/noripee/iron_sample on toolchain af3c6e733a40e671550e0f0f5aeecaa13772ba56
[INFO] running `Command { std: "/workspace/cargo-home/bin/cargo" "+af3c6e733a40e671550e0f0f5aeecaa13772ba56" "read-manifest" "--manifest-path" "Cargo.toml", kill_on_drop: false }`
[INFO] started tweaking git repo https://github.com/noripee/iron_sample
[INFO] finished tweaking git repo https://github.com/noripee/iron_sample
[INFO] tweaked toml for git repo https://github.com/noripee/iron_sample written to /workspace/builds/worker-3/source/Cargo.toml
[INFO] crate git repo https://github.com/noripee/iron_sample already has a lockfile, it will not be regenerated
[INFO] running `Command { std: "/workspace/cargo-home/bin/cargo" "+af3c6e733a40e671550e0f0f5aeecaa13772ba56" "fetch" "--locked" "--manifest-path" "Cargo.toml", kill_on_drop: false }`
[INFO] [stderr] error: the lock file /workspace/builds/worker-3/source/Cargo.lock needs to be updated but --locked was passed to prevent this
[INFO] [stderr] If you want to try to generate the lock file without accessing the network, use the --offline flag.
[INFO] the lockfile is outdated, regenerating it
[INFO] running `Command { std: "/workspace/cargo-home/bin/cargo" "+af3c6e733a40e671550e0f0f5aeecaa13772ba56" "generate-lockfile" "--manifest-path" "Cargo.toml" "-Zno-index-update", kill_on_drop: false }`
[INFO] running `Command { std: "/workspace/cargo-home/bin/cargo" "+af3c6e733a40e671550e0f0f5aeecaa13772ba56" "fetch" "--locked" "--manifest-path" "Cargo.toml", kill_on_drop: false }`
[INFO] running `Command { std: "docker" "create" "-v" "/var/lib/crater-agent-workspace/builds/worker-3/target:/opt/rustwide/target:rw,Z" "-v" "/var/lib/crater-agent-workspace/builds/worker-3/source:/opt/rustwide/workdir:ro,Z" "-v" "/var/lib/crater-agent-workspace/cargo-home:/opt/rustwide/cargo-home:ro,Z" "-v" "/var/lib/crater-agent-workspace/rustup-home:/opt/rustwide/rustup-home:ro,Z" "-e" "SOURCE_DIR=/opt/rustwide/workdir" "-e" "CARGO_TARGET_DIR=/opt/rustwide/target" "-e" "CARGO_HOME=/opt/rustwide/cargo-home" "-e" "RUSTUP_HOME=/opt/rustwide/rustup-home" "-w" "/opt/rustwide/workdir" "-m" "1610612736" "--user" "0:0" "--network" "none" "rustops/crates-build-env@sha256:d92eaeed33fa75130ca1ee6c8a01d1ffb62bac859dfdfb3450e3e5d1c0146529" "/opt/rustwide/cargo-home/bin/cargo" "+af3c6e733a40e671550e0f0f5aeecaa13772ba56" "metadata" "--no-deps" "--format-version=1", kill_on_drop: false }`
[INFO] [stdout] da7a1a27c44dd4efba4b226307e13e541f41b4f4eab8b3509cd60be8077d416a
[INFO] [stderr] WARNING: Your kernel does not support swap limit capabilities or the cgroup is not mounted. Memory limited without swap.
[INFO] running `Command { std: "docker" "start" "-a" "da7a1a27c44dd4efba4b226307e13e541f41b4f4eab8b3509cd60be8077d416a", kill_on_drop: false }`
[INFO] running `Command { std: "docker" "inspect" "da7a1a27c44dd4efba4b226307e13e541f41b4f4eab8b3509cd60be8077d416a", kill_on_drop: false }`
[INFO] running `Command { std: "docker" "rm" "-f" "da7a1a27c44dd4efba4b226307e13e541f41b4f4eab8b3509cd60be8077d416a", kill_on_drop: false }`
[INFO] [stdout] da7a1a27c44dd4efba4b226307e13e541f41b4f4eab8b3509cd60be8077d416a
[INFO] running `Command { std: "docker" "create" "-v" "/var/lib/crater-agent-workspace/builds/worker-3/target:/opt/rustwide/target:rw,Z" "-v" "/var/lib/crater-agent-workspace/builds/worker-3/source:/opt/rustwide/workdir:ro,Z" "-v" "/var/lib/crater-agent-workspace/cargo-home:/opt/rustwide/cargo-home:ro,Z" "-v" "/var/lib/crater-agent-workspace/rustup-home:/opt/rustwide/rustup-home:ro,Z" "-e" "SOURCE_DIR=/opt/rustwide/workdir" "-e" "CARGO_TARGET_DIR=/opt/rustwide/target" "-e" "CARGO_INCREMENTAL=0" "-e" "RUST_BACKTRACE=full" "-e" "RUSTFLAGS=--cap-lints=forbid" "-e" "CARGO_HOME=/opt/rustwide/cargo-home" "-e" "RUSTUP_HOME=/opt/rustwide/rustup-home" "-w" "/opt/rustwide/workdir" "-m" "1610612736" "--user" "0:0" "--network" "none" "rustops/crates-build-env@sha256:d92eaeed33fa75130ca1ee6c8a01d1ffb62bac859dfdfb3450e3e5d1c0146529" "/opt/rustwide/cargo-home/bin/cargo" "+af3c6e733a40e671550e0f0f5aeecaa13772ba56" "check" "--frozen" "--all" "--all-targets" "--message-format=json", kill_on_drop: false }`
[INFO] [stdout] c3da8473b4be388faffc0f827b015a6527cf1f821ab528967c605136c09e2a4a
[INFO] [stderr] WARNING: Your kernel does not support swap limit capabilities or the cgroup is not mounted. Memory limited without swap.
[INFO] running `Command { std: "docker" "start" "-a" "c3da8473b4be388faffc0f827b015a6527cf1f821ab528967c605136c09e2a4a", kill_on_drop: false }`
[INFO] [stderr]    Compiling rand_core v0.4.2
[INFO] [stderr]    Compiling autocfg v0.1.7
[INFO] [stderr]    Compiling version_check v0.1.5
[INFO] [stderr]    Compiling libc v0.2.77
[INFO] [stderr]    Compiling siphasher v0.2.3
[INFO] [stderr]     Checking tinyvec v0.3.4
[INFO] [stderr]     Checking matches v0.1.8
[INFO] [stderr]    Compiling httparse v1.3.4
[INFO] [stderr]     Checking percent-encoding v1.0.1
[INFO] [stderr]     Checking safemem v0.3.3
[INFO] [stderr]     Checking modifier v0.1.0
[INFO] [stderr]     Checking route-recognizer v0.1.13
[INFO] [stderr]     Checking log v0.4.11
[INFO] [stderr]     Checking unicode-bidi v0.3.4
[INFO] [stderr]     Checking plugin v0.2.6
[INFO] [stderr]     Checking base64 v0.9.3
[INFO] [stderr]    Compiling rand_core v0.3.1
[INFO] [stderr]    Compiling rand_jitter v0.1.4
[INFO] [stderr]    Compiling rand_xorshift v0.1.1
[INFO] [stderr]    Compiling rand_hc v0.1.0
[INFO] [stderr]    Compiling rand_isaac v0.1.1
[INFO] [stderr]     Checking log v0.3.9
[INFO] [stderr]    Compiling unicase v1.4.2
[INFO] [stderr]     Checking unicode-normalization v0.1.13
[INFO] [stderr]    Compiling rand_pcg v0.1.2
[INFO] [stderr]    Compiling rand_chacha v0.1.1
[INFO] [stderr]    Compiling rand v0.6.5
[INFO] [stderr]     Checking mime v0.2.6
[INFO] [stderr]     Checking phf_shared v0.7.24
[INFO] [stderr]    Compiling phf v0.7.24
[INFO] [stderr]     Checking idna v0.1.5
[INFO] [stderr]    Compiling rand_os v0.1.3
[INFO] [stderr]     Checking time v0.1.44
[INFO] [stderr]     Checking num_cpus v1.13.0
[INFO] [stderr]     Checking url v1.7.2
[INFO] [stderr]     Checking hyper v0.10.16
[INFO] [stderr]    Compiling phf_generator v0.7.24
[INFO] [stderr]    Compiling phf_codegen v0.7.24
[INFO] [stderr]    Compiling mime_guess v1.8.8
[INFO] [stderr]     Checking iron v0.6.1
[INFO] [stderr]     Checking router v0.6.0
[INFO] [stderr]     Checking iron_sample v0.1.0 (/opt/rustwide/workdir)
[INFO] [stdout] error[E0061]: this function takes 3 arguments but 2 arguments were supplied
[INFO] [stdout]   --> src/main.rs:11:10
[INFO] [stdout]    |
[INFO] [stdout] 11 |   router.get("/", hello_world);
[INFO] [stdout]    |          ^^^ ---  ----------- supplied 2 arguments
[INFO] [stdout]    |          |
[INFO] [stdout]    |          expected 3 arguments
[INFO] [stdout] 
[INFO] [stdout] 
[INFO] [stdout] error[E0061]: this function takes 3 arguments but 2 arguments were supplied
[INFO] [stdout]   --> src/main.rs:12:10
[INFO] [stdout]    |
[INFO] [stdout] 12 |   router.get("/random", random);
[INFO] [stdout]    |          ^^^ ---------  ------ supplied 2 arguments
[INFO] [stdout]    |          |
[INFO] [stdout]    |          expected 3 arguments
[INFO] [stdout] 
[INFO] [stdout] 
[INFO] [stdout] error[E0061]: this function takes 3 arguments but 2 arguments were supplied
[INFO] [stdout]   --> src/main.rs:13:10
[INFO] [stdout]    |
[INFO] [stdout] 13 |   router.post("/random", random_post);
[INFO] [stdout]    |          ^^^^ ---------  ----------- supplied 2 arguments
[INFO] [stdout]    |          |
[INFO] [stdout]    |          expected 3 arguments
[INFO] [stdout] 
[INFO] [stdout] 
[INFO] [stdout] error: aborting due to 3 previous errors
[INFO] [stdout] 
[INFO] [stdout] 
[INFO] [stdout] For more information about this error, try `rustc --explain E0061`.
[INFO] [stdout] 
[INFO] [stderr] error: could not compile `iron_sample`.
[INFO] [stderr] 
[INFO] [stderr] To learn more, run the command again with --verbose.
[INFO] [stderr] warning: build failed, waiting for other jobs to finish...
[INFO] [stdout] error[E0061]: this function takes 3 arguments but 2 arguments were supplied
[INFO] [stdout]   --> src/main.rs:11:10
[INFO] [stdout]    |
[INFO] [stdout] 11 |   router.get("/", hello_world);
[INFO] [stdout]    |          ^^^ ---  ----------- supplied 2 arguments
[INFO] [stdout]    |          |
[INFO] [stdout]    |          expected 3 arguments
[INFO] [stdout] 
[INFO] [stdout] 
[INFO] [stdout] error[E0061]: this function takes 3 arguments but 2 arguments were supplied
[INFO] [stdout]   --> src/main.rs:12:10
[INFO] [stdout]    |
[INFO] [stdout] 12 |   router.get("/random", random);
[INFO] [stdout]    |          ^^^ ---------  ------ supplied 2 arguments
[INFO] [stdout]    |          |
[INFO] [stdout]    |          expected 3 arguments
[INFO] [stdout] 
[INFO] [stdout] 
[INFO] [stdout] error[E0061]: this function takes 3 arguments but 2 arguments were supplied
[INFO] [stdout]   --> src/main.rs:13:10
[INFO] [stdout]    |
[INFO] [stdout] 13 |   router.post("/random", random_post);
[INFO] [stdout]    |          ^^^^ ---------  ----------- supplied 2 arguments
[INFO] [stdout]    |          |
[INFO] [stdout]    |          expected 3 arguments
[INFO] [stdout] 
[INFO] [stdout] 
[INFO] [stdout] error: aborting due to 3 previous errors
[INFO] [stdout] 
[INFO] [stdout] 
[INFO] [stdout] For more information about this error, try `rustc --explain E0061`.
[INFO] [stdout] 
[INFO] [stderr] error: build failed
[INFO] running `Command { std: "docker" "inspect" "c3da8473b4be388faffc0f827b015a6527cf1f821ab528967c605136c09e2a4a", kill_on_drop: false }`
[INFO] running `Command { std: "docker" "rm" "-f" "c3da8473b4be388faffc0f827b015a6527cf1f821ab528967c605136c09e2a4a", kill_on_drop: false }`
[INFO] [stdout] c3da8473b4be388faffc0f827b015a6527cf1f821ab528967c605136c09e2a4a
